{"id":3192,"date":"2025-05-28T16:13:39","date_gmt":"2025-05-28T14:13:39","guid":{"rendered":"https:\/\/proxipel.ch\/el-reciclaje-de-los-residuos-verdes\/"},"modified":"2026-07-14T17:41:49","modified_gmt":"2026-07-14T15:41:49","slug":"el-reciclaje-de-los-residuos-verdes","status":"publish","type":"page","link":"https:\/\/proxipel.ch\/es\/el-reciclaje-de-los-residuos-verdes\/","title":{"rendered":"El reciclaje de los residuos verdes"},"content":{"rendered":"<p><img decoding=\"async\" class=\"aligncenter wp-image-289 \" src=\"https:\/\/proxipel.ch\/wp-content\/uploads\/2024\/04\/proxipel.svg\" alt=\"\" width=\"675\" height=\"345\"><\/p>\n<p>El reciclaje de los residuos verdes permite transformar estos residuos en recursos \u00fatiles, como compost o pellets. Descubre nuestras soluciones innovadoras y respetuosas con el medio ambiente para una gesti\u00f3n ecol\u00f3gica de tus residuos verdes. <\/p>\n<h2>Proxipel, especialista en reciclaje y valorizaci\u00f3n de residuos verdes<\/h2>\n<p>Proxipel ha desarrollado una unidad de peletizaci\u00f3n m\u00f3vil \u00fanica: Proxiflex. Esta planta de producci\u00f3n, miniaturizada para que pueda integrarse totalmente en un semirremolque, garantiza una gran eficacia. <\/p>\n<p>Gracias a su movilidad, la planta est\u00e1 m\u00e1s cerca de la biomasa y del consumidor, lo que reduce considerablemente el impacto del transporte y la entrega de pellets. El principio de los circuitos cortos es el n\u00facleo de este enfoque. <\/p>\n<p>Equipado con un secador patentado, Proxiflex produce pelets que cumplen la norma ISO 17225. A la salida de la unidad, los pellets pueden consumirse y comercializarse inmediatamente. El rendimiento del secador permite procesar materias primas con un contenido de humedad de hasta el 50%.  <\/p>\n<h2>Proxipel, referente en la valorizaci\u00f3n de residuos verdes.<\/h2>\n<p>El reciclaje de los residuos verdes es una pr\u00e1ctica esencial para una gesti\u00f3n sostenible de los recursos. Convierte tus residuos verdes en compost o mantillo para darles un uso ecol\u00f3gico y econ\u00f3mico. Proxipel te ayuda en este proceso de reciclaje eficaz y ecol\u00f3gico.  <\/p>\n<h2>Servicios Proxiflex :<\/h2>\n<ul>\n<li><a href=\"https:\/\/proxipel.ch\/es\/proxiflex\/\">Nuestra soluci\u00f3n m\u00f3vil de granulaci\u00f3n<\/a><\/li>\n<li><a href=\"https:\/\/proxipel.ch\/es\/tecnologia\/\">Nuestra tecnolog\u00eda innovadora<\/a><\/li>\n<li><a href=\"https:\/\/proxipel.ch\/es\/alquiler-de-unidades\/\">Alquiler de una unidad m\u00f3vil de peletizaci\u00f3n<\/a><\/li>\n<li><a href=\"https:\/\/proxipel.ch\/es\/pellets\/\">Venta de pellets<\/a><\/li>\n<\/ul>\n<h2>Contacta con nosotros<\/h2>\n<ul>\n<li><a href=\"https:\/\/proxipel.ch\/es\/ponte-en-contacto-con\/\">P\u00e1gina de contacto<\/a><\/li>\n<li>Info [at] proxipel.com<\/li>\n<li>Tel : <a href=\"tel:+41218013349\">+41 21 801 33 49<\/a><\/li>\n<\/ul>\n","protected":false},"excerpt":{"rendered":"<p>El reciclaje de los residuos verdes permite transformar estos residuos en recursos \u00fatiles, como compost o pellets. Descubre nuestras soluciones innovadoras y respetuosas con el medio ambiente para una gesti\u00f3n ecol\u00f3gica de tus residuos verdes. Proxipel, especialista en reciclaje y valorizaci\u00f3n de residuos verdes Proxipel ha desarrollado una unidad de peletizaci\u00f3n m\u00f3vil \u00fanica: Proxiflex. Esta [&hellip;]<\/p>\n","protected":false},"author":7,"featured_media":1453,"parent":0,"menu_order":0,"comment_status":"closed","ping_status":"closed","template":"","meta":{"_et_pb_use_builder":"","_et_pb_old_content":"","_et_gb_content_width":"","inline_featured_image":false,"footnotes":""},"class_list":["post-3192","page","type-page","status-publish","has-post-thumbnail","hentry"],"yoast_head":"<!-- This site is optimized with the Yoast SEO plugin v28.3 - https:\/\/yoast.com\/product\/yoast-seo-wordpress\/ -->\n<title>El reciclaje de los residuos verdes - Proxipel<\/title>\n<meta name=\"description\" content=\"El reciclaje de residuos verdes: descubre Proxipel, la primera soluci\u00f3n m\u00f3vil de peletizaci\u00f3n integral\" \/>\n<meta name=\"robots\" content=\"index, follow, max-snippet:-1, max-image-preview:large, max-video-preview:-1\" \/>\n<link rel=\"canonical\" href=\"https:\/\/proxipel.ch\/es\/el-reciclaje-de-los-residuos-verdes\/\" \/>\n<meta property=\"og:locale\" content=\"es_ES\" \/>\n<meta property=\"og:type\" content=\"article\" \/>\n<meta property=\"og:title\" content=\"El reciclaje de los residuos verdes - Proxipel\" \/>\n<meta property=\"og:description\" content=\"El reciclaje de residuos verdes: descubre Proxipel, la primera soluci\u00f3n m\u00f3vil de peletizaci\u00f3n integral\" \/>\n<meta property=\"og:url\" content=\"https:\/\/proxipel.ch\/es\/el-reciclaje-de-los-residuos-verdes\/\" \/>\n<meta property=\"og:site_name\" content=\"Proxipel\" \/>\n<meta property=\"article:modified_time\" content=\"2026-07-14T15:41:49+00:00\" \/>\n<meta property=\"og:image\" content=\"https:\/\/proxipel.ch\/wp-content\/uploads\/2025\/05\/granules-compost.webp\" \/>\n\t<meta property=\"og:image:width\" content=\"2000\" \/>\n\t<meta property=\"og:image:height\" content=\"1600\" \/>\n\t<meta property=\"og:image:type\" content=\"image\/webp\" \/>\n<meta name=\"twitter:card\" content=\"summary_large_image\" \/>\n<meta name=\"twitter:label1\" content=\"Tiempo de lectura\" \/>\n\t<meta name=\"twitter:data1\" content=\"1 minuto\" \/>\n<script type=\"application\/ld+json\" class=\"yoast-schema-graph\">{\"@context\":\"https:\\\/\\\/schema.org\",\"@graph\":[{\"@type\":\"WebPage\",\"@id\":\"https:\\\/\\\/proxipel.ch\\\/es\\\/el-reciclaje-de-los-residuos-verdes\\\/\",\"url\":\"https:\\\/\\\/proxipel.ch\\\/es\\\/el-reciclaje-de-los-residuos-verdes\\\/\",\"name\":\"El reciclaje de los residuos verdes - Proxipel\",\"isPartOf\":{\"@id\":\"https:\\\/\\\/proxipel.ch\\\/es\\\/#website\"},\"primaryImageOfPage\":{\"@id\":\"https:\\\/\\\/proxipel.ch\\\/es\\\/el-reciclaje-de-los-residuos-verdes\\\/#primaryimage\"},\"image\":{\"@id\":\"https:\\\/\\\/proxipel.ch\\\/es\\\/el-reciclaje-de-los-residuos-verdes\\\/#primaryimage\"},\"thumbnailUrl\":\"https:\\\/\\\/proxipel.ch\\\/wp-content\\\/uploads\\\/2025\\\/05\\\/granules-compost.webp\",\"datePublished\":\"2025-05-28T14:13:39+00:00\",\"dateModified\":\"2026-07-14T15:41:49+00:00\",\"description\":\"El reciclaje de residuos verdes: descubre Proxipel, la primera soluci\u00f3n m\u00f3vil de peletizaci\u00f3n integral\",\"breadcrumb\":{\"@id\":\"https:\\\/\\\/proxipel.ch\\\/es\\\/el-reciclaje-de-los-residuos-verdes\\\/#breadcrumb\"},\"inLanguage\":\"es\",\"potentialAction\":[{\"@type\":\"ReadAction\",\"target\":[\"https:\\\/\\\/proxipel.ch\\\/es\\\/el-reciclaje-de-los-residuos-verdes\\\/\"]}]},{\"@type\":\"ImageObject\",\"inLanguage\":\"es\",\"@id\":\"https:\\\/\\\/proxipel.ch\\\/es\\\/el-reciclaje-de-los-residuos-verdes\\\/#primaryimage\",\"url\":\"https:\\\/\\\/proxipel.ch\\\/wp-content\\\/uploads\\\/2025\\\/05\\\/granules-compost.webp\",\"contentUrl\":\"https:\\\/\\\/proxipel.ch\\\/wp-content\\\/uploads\\\/2025\\\/05\\\/granules-compost.webp\",\"width\":2000,\"height\":1600,\"caption\":\"Granul\u00e9 compost\"},{\"@type\":\"BreadcrumbList\",\"@id\":\"https:\\\/\\\/proxipel.ch\\\/es\\\/el-reciclaje-de-los-residuos-verdes\\\/#breadcrumb\",\"itemListElement\":[{\"@type\":\"ListItem\",\"position\":1,\"name\":\"Inicio\",\"item\":\"https:\\\/\\\/proxipel.ch\\\/es\\\/\"},{\"@type\":\"ListItem\",\"position\":2,\"name\":\"El reciclaje de los residuos verdes\"}]},{\"@type\":\"WebSite\",\"@id\":\"https:\\\/\\\/proxipel.ch\\\/es\\\/#website\",\"url\":\"https:\\\/\\\/proxipel.ch\\\/es\\\/\",\"name\":\"Proxipel\",\"description\":\"La premi\u00e8re unit\u00e9 mobile de pelletisation int\u00e9grale\",\"publisher\":{\"@id\":\"https:\\\/\\\/proxipel.ch\\\/es\\\/#organization\"},\"potentialAction\":[{\"@type\":\"SearchAction\",\"target\":{\"@type\":\"EntryPoint\",\"urlTemplate\":\"https:\\\/\\\/proxipel.ch\\\/es\\\/?s={search_term_string}\"},\"query-input\":{\"@type\":\"PropertyValueSpecification\",\"valueRequired\":true,\"valueName\":\"search_term_string\"}}],\"inLanguage\":\"es\"},{\"@type\":\"Organization\",\"@id\":\"https:\\\/\\\/proxipel.ch\\\/es\\\/#organization\",\"name\":\"Proxipel\",\"url\":\"https:\\\/\\\/proxipel.ch\\\/es\\\/\",\"logo\":{\"@type\":\"ImageObject\",\"inLanguage\":\"es\",\"@id\":\"https:\\\/\\\/proxipel.ch\\\/es\\\/#\\\/schema\\\/logo\\\/image\\\/\",\"url\":\"https:\\\/\\\/proxipel.ch\\\/wp-content\\\/uploads\\\/2024\\\/04\\\/proxipel.svg\",\"contentUrl\":\"https:\\\/\\\/proxipel.ch\\\/wp-content\\\/uploads\\\/2024\\\/04\\\/proxipel.svg\",\"width\":\"1024\",\"height\":\"1024\",\"caption\":\"Proxipel\"},\"image\":{\"@id\":\"https:\\\/\\\/proxipel.ch\\\/es\\\/#\\\/schema\\\/logo\\\/image\\\/\"}}]}<\/script>\n<!-- \/ Yoast SEO plugin. -->","yoast_head_json":{"title":"El reciclaje de los residuos verdes - Proxipel","description":"El reciclaje de residuos verdes: descubre Proxipel, la primera soluci\u00f3n m\u00f3vil de peletizaci\u00f3n integral","robots":{"index":"index","follow":"follow","max-snippet":"max-snippet:-1","max-image-preview":"max-image-preview:large","max-video-preview":"max-video-preview:-1"},"canonical":"https:\/\/proxipel.ch\/es\/el-reciclaje-de-los-residuos-verdes\/","og_locale":"es_ES","og_type":"article","og_title":"El reciclaje de los residuos verdes - Proxipel","og_description":"El reciclaje de residuos verdes: descubre Proxipel, la primera soluci\u00f3n m\u00f3vil de peletizaci\u00f3n integral","og_url":"https:\/\/proxipel.ch\/es\/el-reciclaje-de-los-residuos-verdes\/","og_site_name":"Proxipel","article_modified_time":"2026-07-14T15:41:49+00:00","og_image":[{"width":2000,"height":1600,"url":"https:\/\/proxipel.ch\/wp-content\/uploads\/2025\/05\/granules-compost.webp","type":"image\/webp"}],"twitter_card":"summary_large_image","twitter_misc":{"Tiempo de lectura":"1 minuto"},"schema":{"@context":"https:\/\/schema.org","@graph":[{"@type":"WebPage","@id":"https:\/\/proxipel.ch\/es\/el-reciclaje-de-los-residuos-verdes\/","url":"https:\/\/proxipel.ch\/es\/el-reciclaje-de-los-residuos-verdes\/","name":"El reciclaje de los residuos verdes - Proxipel","isPartOf":{"@id":"https:\/\/proxipel.ch\/es\/#website"},"primaryImageOfPage":{"@id":"https:\/\/proxipel.ch\/es\/el-reciclaje-de-los-residuos-verdes\/#primaryimage"},"image":{"@id":"https:\/\/proxipel.ch\/es\/el-reciclaje-de-los-residuos-verdes\/#primaryimage"},"thumbnailUrl":"https:\/\/proxipel.ch\/wp-content\/uploads\/2025\/05\/granules-compost.webp","datePublished":"2025-05-28T14:13:39+00:00","dateModified":"2026-07-14T15:41:49+00:00","description":"El reciclaje de residuos verdes: descubre Proxipel, la primera soluci\u00f3n m\u00f3vil de peletizaci\u00f3n integral","breadcrumb":{"@id":"https:\/\/proxipel.ch\/es\/el-reciclaje-de-los-residuos-verdes\/#breadcrumb"},"inLanguage":"es","potentialAction":[{"@type":"ReadAction","target":["https:\/\/proxipel.ch\/es\/el-reciclaje-de-los-residuos-verdes\/"]}]},{"@type":"ImageObject","inLanguage":"es","@id":"https:\/\/proxipel.ch\/es\/el-reciclaje-de-los-residuos-verdes\/#primaryimage","url":"https:\/\/proxipel.ch\/wp-content\/uploads\/2025\/05\/granules-compost.webp","contentUrl":"https:\/\/proxipel.ch\/wp-content\/uploads\/2025\/05\/granules-compost.webp","width":2000,"height":1600,"caption":"Granul\u00e9 compost"},{"@type":"BreadcrumbList","@id":"https:\/\/proxipel.ch\/es\/el-reciclaje-de-los-residuos-verdes\/#breadcrumb","itemListElement":[{"@type":"ListItem","position":1,"name":"Inicio","item":"https:\/\/proxipel.ch\/es\/"},{"@type":"ListItem","position":2,"name":"El reciclaje de los residuos verdes"}]},{"@type":"WebSite","@id":"https:\/\/proxipel.ch\/es\/#website","url":"https:\/\/proxipel.ch\/es\/","name":"Proxipel","description":"La premi\u00e8re unit\u00e9 mobile de pelletisation int\u00e9grale","publisher":{"@id":"https:\/\/proxipel.ch\/es\/#organization"},"potentialAction":[{"@type":"SearchAction","target":{"@type":"EntryPoint","urlTemplate":"https:\/\/proxipel.ch\/es\/?s={search_term_string}"},"query-input":{"@type":"PropertyValueSpecification","valueRequired":true,"valueName":"search_term_string"}}],"inLanguage":"es"},{"@type":"Organization","@id":"https:\/\/proxipel.ch\/es\/#organization","name":"Proxipel","url":"https:\/\/proxipel.ch\/es\/","logo":{"@type":"ImageObject","inLanguage":"es","@id":"https:\/\/proxipel.ch\/es\/#\/schema\/logo\/image\/","url":"https:\/\/proxipel.ch\/wp-content\/uploads\/2024\/04\/proxipel.svg","contentUrl":"https:\/\/proxipel.ch\/wp-content\/uploads\/2024\/04\/proxipel.svg","width":"1024","height":"1024","caption":"Proxipel"},"image":{"@id":"https:\/\/proxipel.ch\/es\/#\/schema\/logo\/image\/"}}]}},"_links":{"self":[{"href":"https:\/\/proxipel.ch\/es\/wp-json\/wp\/v2\/pages\/3192","targetHints":{"allow":["GET"]}}],"collection":[{"href":"https:\/\/proxipel.ch\/es\/wp-json\/wp\/v2\/pages"}],"about":[{"href":"https:\/\/proxipel.ch\/es\/wp-json\/wp\/v2\/types\/page"}],"author":[{"embeddable":true,"href":"https:\/\/proxipel.ch\/es\/wp-json\/wp\/v2\/users\/7"}],"replies":[{"embeddable":true,"href":"https:\/\/proxipel.ch\/es\/wp-json\/wp\/v2\/comments?post=3192"}],"version-history":[{"count":2,"href":"https:\/\/proxipel.ch\/es\/wp-json\/wp\/v2\/pages\/3192\/revisions"}],"predecessor-version":[{"id":3924,"href":"https:\/\/proxipel.ch\/es\/wp-json\/wp\/v2\/pages\/3192\/revisions\/3924"}],"wp:attachment":[{"href":"https:\/\/proxipel.ch\/es\/wp-json\/wp\/v2\/media?parent=3192"}],"curies":[{"name":"wp","href":"https:\/\/api.w.org\/{rel}","templated":true}]}}

<p><img decoding="async" class="aligncenter wp-image-289 " src="https://proxipel.ch/wp-content/uploads/2024/04/proxipel.svg" alt="" width="675" height="345"></p>
<p>El reciclaje de los residuos verdes permite transformar estos residuos en recursos útiles, como compost o pellets. Descubre nuestras soluciones innovadoras y respetuosas con el medio ambiente para una gestión ecológica de tus residuos verdes. </p>
<h2>Proxipel, especialista en reciclaje y valorización de residuos verdes</h2>
<p>Proxipel ha desarrollado una unidad de peletización móvil única: Proxiflex. Esta planta de producción, miniaturizada para que pueda integrarse totalmente en un semirremolque, garantiza una gran eficacia. </p>
<p>Gracias a su movilidad, la planta está más cerca de la biomasa y del consumidor, lo que reduce considerablemente el impacto del transporte y la entrega de pellets. El principio de los circuitos cortos es el núcleo de este enfoque. </p>
<p>Equipado con un secador patentado, Proxiflex produce pelets que cumplen la norma ISO 17225. A la salida de la unidad, los pellets pueden consumirse y comercializarse inmediatamente. El rendimiento del secador permite procesar materias primas con un contenido de humedad de hasta el 50%.  </p>
<h2>Proxipel, referente en la valorización de residuos verdes.</h2>
<p>El reciclaje de los residuos verdes es una práctica esencial para una gestión sostenible de los recursos. Convierte tus residuos verdes en compost o mantillo para darles un uso ecológico y económico. Proxipel te ayuda en este proceso de reciclaje eficaz y ecológico.  </p>
<h2>Servicios Proxiflex :</h2>
<ul>
<li><a href="https://proxipel.ch/es/proxiflex/">Nuestra solución móvil de granulación</a></li>
<li><a href="https://proxipel.ch/es/tecnologia/">Nuestra tecnología innovadora</a></li>
<li><a href="https://proxipel.ch/es/alquiler-de-unidades/">Alquiler de una unidad móvil de peletización</a></li>
<li><a href="https://proxipel.ch/es/pellets/">Venta de pellets</a></li>
</ul>
<h2>Contacta con nosotros</h2>
<ul>
<li><a href="https://proxipel.ch/es/ponte-en-contacto-con/">Página de contacto</a></li>
<li>Info [at] proxipel.com</li>
<li>Tel : <a href="tel:+41218013349">+41 21 801 33 49</a></li>
</ul>

<p>El reciclaje de los residuos verdes permite transformar estos residuos en recursos útiles, como compost o pellets. Descubre nuestras soluciones innovadoras y respetuosas con el medio ambiente para una gestión ecológica de tus residuos verdes. Proxipel, especialista en reciclaje y valorización de residuos verdes Proxipel ha desarrollado una unidad de peletización móvil única: Proxiflex. Esta [&hellip;]</p>

<!-- This site is optimized with the Yoast SEO plugin v28.3 - https://yoast.com/product/yoast-seo-wordpress/ -->
<title>El reciclaje de los residuos verdes - Proxipel</title>
<meta name="description" content="El reciclaje de residuos verdes: descubre Proxipel, la primera solución móvil de peletización integral" />
<meta name="robots" content="index, follow, max-snippet:-1, max-image-preview:large, max-video-preview:-1" />
<link rel="canonical" href="https://proxipel.ch/es/el-reciclaje-de-los-residuos-verdes/" />
<meta property="og:locale" content="es_ES" />
<meta property="og:type" content="article" />
<meta property="og:title" content="El reciclaje de los residuos verdes - Proxipel" />
<meta property="og:description" content="El reciclaje de residuos verdes: descubre Proxipel, la primera solución móvil de peletización integral" />
<meta property="og:url" content="https://proxipel.ch/es/el-reciclaje-de-los-residuos-verdes/" />
<meta property="og:site_name" content="Proxipel" />
<meta property="article:modified_time" content="2026-07-14T15:41:49+00:00" />
<meta property="og:image" content="https://proxipel.ch/wp-content/uploads/2025/05/granules-compost.webp" />
	<meta property="og:image:width" content="2000" />
	<meta property="og:image:height" content="1600" />
	<meta property="og:image:type" content="image/webp" />
<meta name="twitter:card" content="summary_large_image" />
<meta name="twitter:label1" content="Tiempo de lectura" />
	<meta name="twitter:data1" content="1 minuto" />
<script type="application/ld+json" class="yoast-schema-graph">{"@context":"https:\/\/schema.org","@graph":[{"@type":"WebPage","@id":"https:\/\/proxipel.ch\/es\/el-reciclaje-de-los-residuos-verdes\/","url":"https:\/\/proxipel.ch\/es\/el-reciclaje-de-los-residuos-verdes\/","name":"El reciclaje de los residuos verdes - Proxipel","isPartOf":{"@id":"https:\/\/proxipel.ch\/es\/#website"},"primaryImageOfPage":{"@id":"https:\/\/proxipel.ch\/es\/el-reciclaje-de-los-residuos-verdes\/#primaryimage"},"image":{"@id":"https:\/\/proxipel.ch\/es\/el-reciclaje-de-los-residuos-verdes\/#primaryimage"},"thumbnailUrl":"https:\/\/proxipel.ch\/wp-content\/uploads\/2025\/05\/granules-compost.webp","datePublished":"2025-05-28T14:13:39+00:00","dateModified":"2026-07-14T15:41:49+00:00","description":"El reciclaje de residuos verdes: descubre Proxipel, la primera solución móvil de peletización integral","breadcrumb":{"@id":"https:\/\/proxipel.ch\/es\/el-reciclaje-de-los-residuos-verdes\/#breadcrumb"},"inLanguage":"es","potentialAction":[{"@type":"ReadAction","target":["https:\/\/proxipel.ch\/es\/el-reciclaje-de-los-residuos-verdes\/"]}]},{"@type":"ImageObject","inLanguage":"es","@id":"https:\/\/proxipel.ch\/es\/el-reciclaje-de-los-residuos-verdes\/#primaryimage","url":"https:\/\/proxipel.ch\/wp-content\/uploads\/2025\/05\/granules-compost.webp","contentUrl":"https:\/\/proxipel.ch\/wp-content\/uploads\/2025\/05\/granules-compost.webp","width":2000,"height":1600,"caption":"Granulé compost"},{"@type":"BreadcrumbList","@id":"https:\/\/proxipel.ch\/es\/el-reciclaje-de-los-residuos-verdes\/#breadcrumb","itemListElement":[{"@type":"ListItem","position":1,"name":"Inicio","item":"https:\/\/proxipel.ch\/es\/"},{"@type":"ListItem","position":2,"name":"El reciclaje de los residuos verdes"}]},{"@type":"WebSite","@id":"https:\/\/proxipel.ch\/es\/#website","url":"https:\/\/proxipel.ch\/es\/","name":"Proxipel","description":"La première unité mobile de pelletisation intégrale","publisher":{"@id":"https:\/\/proxipel.ch\/es\/#organization"},"potentialAction":[{"@type":"SearchAction","target":{"@type":"EntryPoint","urlTemplate":"https:\/\/proxipel.ch\/es\/?s={search_term_string}"},"query-input":{"@type":"PropertyValueSpecification","valueRequired":true,"valueName":"search_term_string"}}],"inLanguage":"es"},{"@type":"Organization","@id":"https:\/\/proxipel.ch\/es\/#organization","name":"Proxipel","url":"https:\/\/proxipel.ch\/es\/","logo":{"@type":"ImageObject","inLanguage":"es","@id":"https:\/\/proxipel.ch\/es\/#\/schema\/logo\/image\/","url":"https:\/\/proxipel.ch\/wp-content\/uploads\/2024\/04\/proxipel.svg","contentUrl":"https:\/\/proxipel.ch\/wp-content\/uploads\/2024\/04\/proxipel.svg","width":"1024","height":"1024","caption":"Proxipel"},"image":{"@id":"https:\/\/proxipel.ch\/es\/#\/schema\/logo\/image\/"}}]}</script>
<!-- / Yoast SEO plugin. -->

El reciclaje de residuos verdes: descubre Proxipel, la primera solución móvil de peletización integral

Granulé compost

La première unité mobile de pelletisation intégrale
